pose 547 + 143 = 6*k. Suppose 0 = 13*l + k - 1181. Calculate the remainder when l is divided by 28.
26
Let c(d) = 2*d**2 + 7*d + 13. What is the remainder when 253 is divided by c(-8)?
83
Suppose -z + 0*z = 4*b - 19, -3*b - 4*z + 24 = 0. Let u be 0/(3/(-6)*b). Let r = u - -14. Calculate the remainder when 26 is divided by r.
12
Let d be 1 - 1 - (-2 + 12). Let z(o) = -o**3 + 8*o**2 - 4*o - 22. Let v be z(6). Let p = d + v. Calculate the remainder when 46 is divided by p.
14
Let s = -31 + 49. Suppose 18*i = 16*i - 4. Let u = i + 12. What is the remainder when s is divided by u?
8
Let d = -86 - -86. Suppose -4*l + 3*g = -g - 144, d = -5*l + 2*g + 177. Calculate the remainder when 139 is divided by l.
34
Suppose -5*a = -18*a + 845. Calculate the remainder when 386 is divided by a.
61
Suppose 8*o - 302 = 378. What is the remainder when o is divided by 7?
1
Let n = 251 - 248. Calculate the remainder when 4 is divided by n.
1
Suppose 2*c = 25 + 121. Let g be 6 + (-4)/6*(-9)/(-6). Suppose -n + 20 = g. What is the remainder when c is divided by n?
13
Let s = 34 + -13. Let o = -1619 + 1652. Calculate the remainder when o is divided by s.
12
Suppose -3*k - 3*s + 189 = 0, -2*k - s = k - 185. Let t = 334 + -303. What is the remainder when k is divided by t?
30
Let a(t) = t**2 + 26*t - 19. Calculate the remainder when a(-28) is divided by 13.
11
Suppose 152*b = 155*b - 69. What is the remainder when b is divided by 4?
3
Suppose -9*q + 1765 = -44. Calculate the remainder when q is divided by 51.
48
Suppose 21*q = -41 + 356. What is the remainder when 2294 is divided by q?
14
Suppose a - 69 = -3*h, -h = -5*a + 2*h + 345. Let z = -38 + a. What is the remainder when z is divided by 4/18 + (-1510)/(-90)?
14
Let z(b) = 2*b**3 - b**2 + 2*b + 2. Calculate the remainder when z(5) is divided by 7.
6
Suppose m - 1 = 18. Let i(w) = -9*w**3 + 2*w**2 + w. What is the remainder when m is divided by i(-1)?
9
Let p = 175 - 51. What is the remainder when p is divided by 26?
20
Suppose 0 = -5*w + 4*f - 0*f + 245, 3*w + 5*f - 110 = 0. Let n(b) = b**3 + 5*b**2 + b + 2. Calculate the remainder when (-123)/(-5) + 18/w is divided by n(-4).
11
Let z(g) = -10*g - 18. What is the remainder when 108 is divided by z(-4)?
20
Suppose 5*s + 3 = v + 35, s + 5 = 4*v. What is the remainder when 71 is divided by s?
1
Let a = -44 - -152. Let x(t) = -8*t + 7. What is the remainder when x(-7) is divided by a/3 + -4 + 0?
31
Let q = -131 + 195. What is the remainder when q is divided by 23?
18
Let q = -16 + 20. Calculate the remainder when q/(-14) + (-1068)/(-14) is divided by 13.
11
Let c = -59 - -29. Let u(t) = -t**2 - 4. Let d be u(-4). Let i = d - c. What is the remainder when 48 is divided by i?
8
Suppose -93 = -u - m, 2*u + 13*m - 16*m - 196 = 0. What is the remainder when u is divided by 12?
11
Suppose 0*q + 3*t - 460 = -5*q, 0 = 2*t. What is the remainder when q is divided by 19?
16
Let q be (-2)/(-11) + (-134)/11. Let r(w) = -w**3 - 10*w**2 + 18*w + 1. Let s be r(q). Let i = 117 - s. What is the remainder when i is divided by 15?
14
Let t(q) = 2*q**2 + 55*q - 21. What is the remainder when 110 is divided by t(-28)?
5
Let i(c) = -35*c + 557. Calculate the remainder when 121 is divided by i(14).
54
Calculate the remainder when -4 + ((-15)/(-5) - -36) is divided by (1/(-3))/(2/(-114)).
16
Suppose -h + f = 11, 5*f = 4*h - 9*h - 35. Let k(g) = 3*g**3 - 4*g**2 + g. Let y be k(3). Let o = y + h. What is the remainder when o is divided by 10?
9
Let y(a) = -a**3 - 48*a**2 + 87*a - 309. What is the remainder when y(-50) is divided by 50?
41
Suppose 3*d = -0*d - 2*b + 472, -2*d + 322 = 5*b. Calculate the remainder when (d/16)/((-2)/(-8)) is divided by 10*(-1 + -1 - -3).
9
Let z(t) = 4*t - 7479*t**2 + 7480*t**2 + 33 + t. Calculate the remainder when z(-6) is divided by 5.
4
Suppose -5*r - 8*d - 5 = -3*d, -4*d - 16 = -2*r. Suppose 0 = -r*l + 9 + 33. What is the remainder when 60 is divided by l?
18
Suppose 148 = -17*x + 4517. Calculate the remainder when x is divided by 26.
23
Let w be ((-12)/(-15))/(2/(-15)). Let u(v) = -v**3 - 6*v**2 - 6*v + 8. Calculate the remainder when 129 is divided by u(w).
41
Suppose 0 = 6*j - j, 345 = 5*p + 9*j. Calculate the remainder when p is divided by (18/8)/((-6)/(-64)).
21
Suppose -3*c + 9 = -3. Calculate the remainder when (-50)/(-150) - 38/(-3) is divided by c.
1
Suppose -301 = -8*n + 291. Calculate the remainder when 143 is divided by n.
69
Suppose 3*g + 5 = 4*p, -3*p + 2*p - 10 = -3*g. Let l be (0/(-4))/(3 + 0). Suppose l - 12 = -4*j. Calculate the remainder when g is divided by j.
2
What is the remainder when 360 is divided by 15/(-75) - (-2324)/20?
12
Let j = -678 + 1243. Calculate the remainder when j is divided by 81.
79
Let s(v) = 83*v**3 - 2*v**2 + 2*v - 1. Let f be s(1). Let c = -55 + f. Calculate the remainder when 76 is divided by c.
22
Suppose 0 = -5*x + 47 + 148. What is the remainder when 3860/25 + 15/25 is divided by x?
38
Suppose 0*o - 16 = -o. Let m(d) = -d - 4. Let y be m(-4). Suppose 2*c = -c - 4*t + 39, y = -t + 3. What is the remainder when o is divided by c?
7
Let f(d) = 12*d - 38. Let s be f(6). Suppose -23 = 3*p - 4*g + 71, 5*g + 84 = -4*p. Let u = p + s. Calculate the remainder when 29 is divided by u.
5
Suppose -211 = -2*n - 3. Let x = n - 71. Suppose -5*w = -5*g - 18 - 47, 2*w = 5*g + 29. Calculate the remainder when x is divided by w.
9
Let c = -82 + 115. Suppose 2*d - d = c. Suppose n = 3*h - 22, 0 = 3*h - 2*h + 5*n - 34. What is the remainder when d is divided by h?
6
Let l(v) = -v**3 - 27*v**2 - 2 + 46*v**2 + 16*v + 7*v - 31. What is the remainder when 106 is divided by l(20)?
25
What is the remainder when 33 is divided by 3 + (22/3)/((-38)/(-57))?
5
Let m = -251 - -277. Calculate the remainder when m is divided by 23.
3
Let l = 184 - 180. Let u(t) = 2*t**2 + t + 2. Calculate the remainder when u(2) is divided by l.
0
Let z be -2*(3 + 60/(-8)). Let l = z + -8. Let c(s) = 7*s**3 - 2*s**2 + 2*s - 1. Calculate the remainder when 27 is divided by c(l).
3
Let g(k) = -5*k**3 - k**2 + 2*k - 7. Let q(t) = -4*t**3 + t - 8. Let f(u) = 3*g(u) - 4*q(u). Calculate the remainder when f(5) is divided by 37.
34
Let g be ((-58)/(-10) + -5)/(2/(-40)). Let z = g + 38. Calculate the remainder when z is divided by 6.
4
Suppose 1 = -d + 3. Let r(s) = s**2 - s - 36. What is the remainder when (3/9)/(d/126) is divided by r(7)?
3
Let x = -356 - -445. Calculate the remainder when x is divided by 7.
5
Suppose w + 2*w + q = 95, 0 = 2*w - q - 70. What is the remainder when (-1 - w)*(-1)/(-2)*-1 is divided by 6?
5
Let t(l) = l**3 - l + 5. Let w be t(0). Suppose 0 = j - 0*j - w*s - 156, 0 = -j - s + 144. Calculate the remainder when j/(1/((-3)/(-6))) is divided by 19.
16
Suppose 33 = 4*r + 3*i, -2*r + 0*r + 2*i = -20. What is the remainder when 168 is divided by r?
6
Let s = 14 + -17. Let y be 78/(-65)*(-10)/s. What is the remainder when 62 is divided by (y*1)/(3/(-12))?
14
Let s(k) = -2*k**2 - 10*k + 35. Let d be s(-10). Let x = 70 + d. Let u(g) = -6*g - 6. What is the remainder when u(-5) is divided by x?
4
Let z = 46 - 33. Suppose 0 = 2*c + 3*t + 7, -4*c + 5*t + 5 = -36. What is the remainder when -5 + z - (1 - -3) is divided by c?
0
Let k = 1617 - 1384. What is the remainder when k is divided by 14?
9
Suppose 2*h - 18 - 22 = 0. Let q(l) = -l**2 + 25*l - 40. What is the remainder when 178 is divided by q(h)?
58
What is the remainder when ((-10)/(-35) - (-551)/7) + -2 is divided by 13?
12
Let b = 0 + 3. Let g(v) = -1 + b + 3*v - 14. Calculate the remainder when g(10) is divided by 5.
3
Suppose 132*p = -4*o + 129*p + 2348, -5*o + 4*p = -2935. What is the remainder when o is divided by 16?
11
Let c(l) = 1 + 4*l - 20*l + 7*l. What is the remainder when c(-3) is divided by 5?
3
Suppose 0 = h - 30*h + 435. Calculate the remainder when 852 is divided by h.
12
Let v = -394 + 414. Suppose 0 = -4*o + 2*o + 12. Calculate the remainder when v is divided by o.
2
Suppose -3*n = -v - 7 - 6, -4*v = n - 26. Suppose 0 = 9*g + 80 - 323. Calculate the remainder when g is divided by n.
3
Suppose 0 = -3*w - 2*o - 1466, -8*o + 7*o = -2*w - 982. Let g = -347 - w. What is the remainder when g is divided by 12?
11
Suppose 4*o + 2*a - 11 = 57, 0 = 4*o - 5*a - 54. Let n(c) = -c**2 - 5*